) = 4*z**2 - 33*z - 63. What is g(10)?
7
Let g(t) = -19*t - 234. Calculate g(-11).
-25
Let d(p) = p + 5. Calculate d(3).
8
Let c(s) = s**2 + s - 9. What is c(3)?
3
Let h(j) = -3*j - 10. Give h(-7).
11
Let b(r) = 18*r**2 + 3*r + 4. What is b(-2)?
70
Let i(s) = -s**3 + 2*s**2 - s - 8. Give i(3).
-20
Let x(h) = -9*h - 57. What is x(-6)?
-3
Let h(x) = x**3 + 10*x**2 + 2*x. What is h(-10)?
-20
Let b(k) = -k**3 + 6*k**2 - 3*k - 16. Determine b(5).
-6
Let r(d) = -13*d**2 + 103*d + 2. Calculate r(8).
-6
Let t(m) = m**3 + 17*m**2 + 22*m + 115. Give t(-16).
19
Let z(x) = x**3 + 9*x**2 - 6. Calculate z(-9).
-6
Let u(z) = z**3 - 4*z**2 + 8*z - 27. What is u(4)?
5
Let q(k) = 2*k + 22. What is q(-8)?
6
Let m(h) = h**3 - h - 5. What is m(0)?
-5
Let c(f) = -f**2 + 4*f + 2. Give c(5).
-3
Let n(g) = g**2 - g - 9. What is n(5)?
11
Let x(c) = -c**2 - 16*c + 7. Determine x(-16).
7
Let t(g) = 16*g + 22. Give t(-4).
-42
Let o(g) = -2*g - 15. Calculate o(-6).
-3
Let g(x) = x**2 - 30*x + 160. Give g(9).
-29
Let g(j) = 5*j**2 + 3*j. Give g(-2).
14
Let g(i) = i**2 + 6*i + 5. Calculate g(-8).
21
Let y(n) = -13*n + 1. Give y(2).
-25
Let z(x) = -51*x + 564. Give z(11).
3
Let k(f) = f - 1. What is k(5)?
4
Let z(i) = -i**2 + 3*i + 6. What is z(6)?
-12
Let s(f) = 11*f**2 + 4*f - 5. Calculate s(2).
47
Let w(k) = -30*k**3 + k**2 - 2*k + 1. Calculate w(1).
-30
Let d(k) = -5*k + 7. Determine d(7).
-28
Let h(r) = r**3 + 4*r**2 + 6*r - 1. Determine h(-5).
-56
Let s(q) = 5*q + 11. Calculate s(-2).
1
Let u(h) = h**2 - h - 3. Calculate u(5).
17
Let v(m) = -m**3 - 11*m**2 + 4*m - 21. What is v(-12)?
75
Let k(i) = -i**3 - 16*i**2 - 15*i + 19. What is k(-15)?
19
Let f(t) = -t**3 + 9*t**2 - 15*t - 11. Determine f(5).
14
Let f(u) = 2*u**2 + 21*u - 81. Determine f(3).
0
Let y(m) = -m**2 + 29*m + 49. Determine y(30).
19
Let g(k) = -3*k - 2. What is g(-4)?
10
Let j(p) = 9*p**2 + 40*p - 29. Determine j(-5).
-4
Let y(q) = 8*q + 60. What is y(-8)?
-4
Let b(r) = -r**3 + 14*r**2 + 11. Determine b(14).
11
Let x(r) = r**2 - 12*r - 14. Determine x(14).
14
Let g(y) = -7*y - 6. Calculate g(-5).
29
Let i(w) = w + 36. Determine i(-13).
23
Let j(o) = -2*o**2 - 16*o - 8. Give j(-7).
6
Let u(v) = 2*v**2 - 8*v + 7. What is u(5)?
17
Let f(d) = 8*d - 7. Calculate f(-5).
-47
Let t(b) = -b**3 - 13*b**2 + 29*b + 34. What is t(-15)?
49
Let j(u) = -6*u + 6. What is j(7)?
-36
Let o(a) = -a**2 - 15*a + 12. Give o(-12).
48
Let y(j) = -2*j**2 + 22*j + 14. What is y(11)?
14
Let c(h) = -3*h**2 + 35*h + 411. Give c(19).
-7
Let x(c) = -74*c - 1256. What is x(-17)?
2
Let v(n) = -n**3 - 14*n**2 - 15*n + 9. Determine v(-13).
35
Let j(f) = -f**3 - 15*f**2 + 15*f - 18. Give j(-16).
-2
Let h(v) = v**2 - 14*v + 9. Give h(13).
-4
Let t(k) = 4*k + 64. What is t(-16)?
0
Let f(a) = -43*a - 87. Give f(-2).
-1
Let q(u) = -u**3 - 4*u**2 - u + 4. What is q(-3)?
-2
Let h(p) = p**3 - 11*p**2 + 9*p + 14. Give h(10).
4
Let x(y) = y**3 - 6*y + 6. Give x(-6).
-174
Let q(h) = -28*h + 475. Determine q(17).
-1
Let z(k) = k**2 - 8*k - 9. Calculate z(11).
24
Let q(c) = 2*c**3 - c**2 - 2*c + 45. Calculate q(0).
45
Let d(j) = 2*j**2 + 11*j + 14. Calculate d(-3).
-1
Let a(u) = u**3 + 3*u**2 + 2*u - 4. Determine a(-5).
-64
Let i(y) = y**3 - 6*y**2 + 6*y - 10. What is i(5)?
-5
Let c(z) = z**3 + 3*z - 185. What is c(0)?
-185
Let k(n) = -n**3 + 7*n**2 + 3*n - 25. What is k(7)?
-4
Let j(c) = 3*c - 8. Give j(8).
16
Let n(p) = -p**3 - p**2 - 5*p - 2. Calculate n(0).
-2
Let r(m) = m**3 + 23*m**2 - 26*m + 4. Calculate r(-24).
52
Let i(j) = -j**2 - 18*j + 401. Calculate i(-31).
-2
Let r(q) = -3*q**3 + 6*q**2 + 11*q - 3. What is r(-2)?
23
Let o(i) = -45*i**2 + 2*i + 1. Give o(-1).
-46
Let a(y) = 6*y + 5. Calculate a(-9).
-49
Let n(o) = 5*o - 15. Determine n(4).
5
Let o(d) = 4*d + 68. Determine o(-22).
-20
Let d(b) = 3*b**2 + 15*b + 5. Determine d(-6).
23
Let x(u) = -16*u + 226. What is x(14)?
2
Let i(p) = 4*p + 28. Determine i(-8).
-4
Let l(g) = -10*g - 2. What is l(1)?
-12
Let z(c) = c**3 - 14*c**2 + 14*c - 2. Give z(13).
11
Let a(u) = -u**2 - 9*u - 5. Give a(-9).
-5
Let a(d) = 5*d + 5. Give a(-2).
-5
Let p(l) = -l**3 - 2*l**2 - 2*l. Determine p(-3).
15
Let z(d) = -7*d - 3. Give z(-2).
11
Let h(o) = -o + 22. Give h(21).
1
Let d(q) = 3*q - 15. What is d(6)?
3
Let j(v) = 10*v - 43. Calculate j(4).
-3
Let u(v) = -2*v**3 + 4*v - 46. What is u(0)?
-46
Let l(m) = 14*m - 6. Calculate l(-2).
-34
Let k(r) = -7*r + 5. Determine k(5).
-30
Let r(s) = 39*s**2 - 11*s + 1. Give r(1).
29
Let m(j) = 10*j - 119. What is m(13)?
11
Let q(j) = -j**3 - 54*j**2 + 76*j + 1150. Calculate q(-55).
-5
Let n(p) = p**2 - 21*p - 49. Determine n(23).
-3
Let r(o) = -6*o - 9. What is r(7)?
-51
Let t(g) = g**3 - 10*g**2 - g + 3. Calculate t(10).
-7
Let m(r) = 6*r**3 + 2*r**2 + r - 1. Give m(3).
182
Let b(m) = m**2 + 12*m + 32. What is b(-8)?
0
Let s(n) = 6*n**2 + 14*n + 15. What is s(-1)?
7
Let t(k) = -k**2 - 12*k - 16. Determine t(-11).
-5
Let m(y) = -y**3 + 16*y**2 - 2. What is m(16)?
-2
Let n(p) = -6*p - 2. Give n(-3).
16
Let s(p) = p**2 - 3*p - 39. Calculate s(-5).
1
Let r(c) = c**3 + 19*c**2 + 18*c - 28. Give r(-18).
-28
Let r(q) = q**2 - 16*q - 12. Give r(19).
45
Let n(r) = 4*r**3 + r**2 - 3*r + 2. Give n(1).
4
Let d(w) = -2*w**2 + 8*w + 2. Determine d(5).
-8
Let r(t) = t**3 + 12*t**2 - 11*t + 8. Calculate r(-13).
-18
Let g(q) = q**3 - q**2 - 8*q + 5. What is g(-3)?
-7
Let b(v) = -v**2 + 32*v - 2. Give b(26).
154
Let q(m) = -m**3 - m**2 + 4*m - 5. Calculate q(4).
-69
Let a(m) = -m**2 + 14*m - 4. Give a(16).
-36
Let c(y) = y**2 + 17*y - 69. What is c(-20)?
-9
Let d(b) = 7*b + 2. Calculate d(2).
16
Let x(j) = j**2 - 18*j + 5. What is x(18)?
5
Let t(z) = z**2 - 10*z - 12. Determine t(14).
44
Let d(s) = s - 22. Calculate d(16).
-6
Let h(u) = 9*u + 1. Calculate h(-1).
-8
Let j(i) = i**2 + 2*i - 3. Give j(-3).
0
Let j(l) = 58*l**2 + 2. Give j(1).
60
Let d(n) = -n**2 - 19*n - 69. Give d(-14).
1
Let t(o) = o**2 - 14*o - 13. Calculate t(14).
-13
Let a(m) = 2*m + 6. Calculate a(-6).
-6
Let f(o) = -18*o + 580. Calculate f(31).
22
Let q(u) = u**3 - u**2 - u + 3. What is q(2)?
5
Let h(d) = -12*d - 98. Calculate h(-9).
10
Let n(t) = -5*t**3 + 3*t**2 - 5*t + 7. Calculate n(2).
-31
Let l(c) = -11*c + 269. Determine l(23).
16
Let n(d) = -56*d + 170. Calculate n(3).
2
Let a(w) = -10*w**2 - w. Calculate a(-1).
-9
Let n(v) = -48*v - 147. Give n(-3).
-3
Let f(c) = -4*c**2 + c + 6. What is f(-2)?
-12
Let b(f) = f**3 + 9*f**2 + 18*f - 10. Calculate b(-6).
-10
Let u(n) = -8*n**3 - n**2 + 23*n + 23. Determine u(-1).
7
Let n(v) = 35*v + 25. Determine n(0).
25
Let i(x) = -2*x + 24. What is i(-24)?
72
Let s(c) = c**3 - 3*c**2 - 4*c + 2. Give s(3).
-10
Let w(q) = q**3 + 5*q**2 + 10. Calculate w(-5).
10
Let k(x) = -x**2 - 37*x - 157. Give k(-5).
3
Let q(f) = -10*f - 57. Give q(0).
-57
Let q(d) = -d**3 - 4*d**2 + 2. What is q(-3)?
-7
Let i(n) = n**3 - 10*n**2 + n. Determine i(10).
10
Let x(m) = 2*m - 5. Give x(6).
7
Let f(x) = 3*x + 1. Calculate f(9).
28
Let s(l) = -l**3 - 11*l**2 + 22*l - 51. Determine s(-13).
1
Let w(p) = p**2 + 20*p + 95. Give w(-9).
-4
Let s(j) = 3*j**3 - j**2 - 2*j. What is s(3)?
66
Let p(r) = -45*r - 401. Calculate p(-9).
4
Let k(l) = -4*l**2 + 46*l + 146. Calculate k(14).
6
Let u(o) = o**2 - 2*o - 80. Give u(-7).
-17
Let g(d) = -d**3 + 2*d + 5. Give g(0).
5
Let r(l) = -9*l**2 - l + 1. What is r(1)?
-9
Let d(y) = -2*y**2 - 18*y + 13. Calculate d(-10).
-7
Let o(c) = -11*c. Determine o(3).
-33
Let h(n) = -n**3 - 13*n**2 + n - 2. Determine h(-13).
-15
Let k(u) = -3*u**2 - 6. Determine k(-5).
-81
Let p(c) = -c**3 - 16*c**2 - 46*c + 34. What is p(-12)?
10
Let i(z) = -4*z - 10. Give i(-5).
10
Let b(z) = 61*z**2 + z + 1. Determine b(-1).
61
Let d(i) = -i**3 - 13*i**2 - 2*i - 8. Determine d(-13).
18
Let w(j) = 27*j. Give w(2).
54
Let u(w) = -w**3 + 6*w**2 - 2*w + 4. Calculate u(4).
28
Let c(r) = 61*r + 1040. Determine c(-17).
3
Let d(y) = y**2 - 7*y + 8. Determine d(7).
8
Let w(n) = -3*n - 1. Give w(7).
-22
Let i(y) = -40*y - 35. Give i(-1).
5
Let y(p) = -2*p + 21. Give y(4).
13
Let a(i) = 4*i - 48. Calculate a(10).
-8
Let m(o) = -26*o + 651. Calculate m(25).
1
Let b(g) = -4*g - 21. Give b(10).
-61
Let k(r) = -r**2 - 4*r + 5. Calculate k(-5).
0
Let o(n) = -n**2 + 5*n - 1. What is o(5)?
-1
Let b(z) = 